 6
-1
Convert 152 (base 9) to base 8.
200
What is 7 (base 10) in base 13?
7
Convert -421 (base 5) to base 15.
-76
2b (base 15) to base 10
41
What is 9 (base 11) in base 6?
13
What is -14 (base 16) in base 4?
-110
Convert -1011111 (base 2) to base 15.
-65
Convert 65 (base 8) to base 14.
3b
What is 1 (base 14) in base 13?
1
What is -79 (base 16) in base 4?
-1321
Convert -7c (base 14) to base 8.
-156
Convert -15 (base 7) to base 6.
-20
What is -16 (base 9) in base 8?
-17
What is 30 (base 5) in base 2?
1111
-210 (base 6) to base 11
-71
What is -99 (base 11) in base 2?
-1101100
Convert 13 (base 9) to base 11.
11
What is -2 (base 9) in base 14?
-2
1 (base 5) to base 4
1
What is -10 (base 10) in base 9?
-11
What is -11 (base 5) in base 11?
-6
What is -133 (base 7) in base 13?
-58
Convert 51 (base 6) to base 14.
23
102 (base 3) to base 4
23
Convert -4 (base 15) to base 2.
-100
What is 235 (base 7) in base 15?
84
Convert 2 (base 12) to base 16.
2
What is 0 (base 14) in base 12?
0
Convert 3 (base 6) to base 16.
3
23 (base 6) to base 14
11
-4 (base 13) to base 8
-4
What is -8b (base 15) in base 6?
-335
What is -1011 (base 4) in base 2?
-1000101
-1 (base 11) to base 12
-1
-122 (base 10) to base 2
-1111010
What is -63 (base 9) in base 7?
-111
Convert -6 (base 8) to base 6.
-10
11 (base 8) to base 16
9
Convert -a4 (base 14) to base 5.
-1034
Convert -1302 (base 4) to base 2.
-1110010
Convert -77 (base 11) to base 8.
-124
15 (base 12) to base 4
101
What is 13 (base 7) in base 15?
a
-10212 (base 4) to base 14
-170
What is -1 (base 10) in base 9?
-1
-7 (base 10) to base 2
-111
1 (base 7) to base 15
1
What is 30 (base 5) in base 14?
11
What is 5a (base 12) in base 14?
50
Convert -21 (base 7) to base 3.
-120
Convert -1 (base 7) to base 2.
-1
Convert -ba (base 14) to base 13.
-c8
Convert 3 (base 14) to base 16.
3
Convert 15 (base 8) to base 9.
14
What is 3 (base 4) in base 6?
3
Convert 75 (base 8) to base 15.
41
What is -5 (base 6) in base 10?
-5
What is -9 (base 16) in base 12?
-9
Convert -12b (base 13) to base 10.
-206
What is -2111 (base 3) in base 14?
-4b
What is 8 (base 15) in base 5?
13
10a (base 11) to base 14
95
Convert 100 (base 3) to base 4.
21
What is 0 (base 16) in base 2?
0
What is -116 (base 12) in base 6?
-430
What is -12 (base 9) in base 4?
-23
10010110 (base 2) to base 11
127
-14 (base 15) to base 10
-19
-4 (base 5) to base 2
-100
Convert -110 (base 5) to base 10.
-30
4 (base 16) to base 12
4
What is 0 (base 8) in base 13?
0
Convert 42 (base 10) to base 14.
30
-23 (base 13) to base 5
-104
Convert -1 (base 14) to base 16.
-1
-2 (base 3) to base 12
-2
Convert 0 (base 3) to base 14.
0
-2 (base 8) to base 13
-2
What is 24 (base 14) in base 9?
35
-401 (base 7) to base 12
-145
Convert -3 (base 4) to base 8.
-3
What is -1000101 (base 2) in base 5?
-234
What is -12 (base 3) in base 14?
-5
What is 10 (base 3) in base 12?
3
5 (base 12) to base 9
5
70 (base 9) to base 12
53
Convert c (base 15) to base 2.
1100
-1 (base 11) to base 15
-1
Convert -227 (base 10) to base 7.
-443
What is 19 (base 14) in base 5?
43
Convert 1 (base 6) to base 7.
1
211 (base 10) to base 16
d3
-2 (base 4) to base 8
-2
-38 (base 15) to base 7
-104
What is 3 (base 15) in base 7?
3
What is 1 (base 12) in base 5?
1
-3 (base 10) to base 2
-11
7 (base 13) to base 9
7
0 (base 3) to base 7
0
What is 0 (base 9) in base 14?
0
What is 451 (base 8) in base 15?
14c
What is 21 (base 11) in base 16?
17
-12 (base 11) to base 8
-15
-30 (base 4) to base 11
-11
-14 (base 8) to base 15
-c
What is 2 (base 8) in base 6?
2
Convert -18 (base 13) to base 16.
-15
Convert -3 (base 11) to base 14.
-3
23 (base 12) to base 8
33
5 (base 12) to base 4
11
What is -2 (base 8) in base 14?
-2
What is 1 (base 8) in base 7?
1
Convert 43 (base 6) to base 12.
23
-11123 (base 4) to base 8
-533
2 (base 4) to base 5
2
What is -5 (base 10) in base 8?
-5
-3 (base 14) to base 7
-3
What is 22 (base 12) in base 14?
1c
-6 (base 14) to base 3
-20
Convert -1 (base 16) to base 5.
-1
What is -130 (base 5) in base 10?
-40
What is -bb (base 14) in base 15?
-b0
What is 31 (base 7) in base 15?
17
What is -136 (base 14) in base 16?
-f4
5 (base 10) to base 13
5
3 (base 8) to base 15
3
Convert 9 (base 16) to base 3.
100
What is -51 (base 7) in base 15?
-26
-40 (base 14) to base 15
-3b
What is 500 (base 6) in base 15?
c0
3 (base 9) to base 8
3
Convert 2 (base 14) to base 16.
2
Convert 0 (base 13) to base 7.
0
Convert 2 (base 13) to base 10.
2
What is -302 (base 9) in base 12?
-185
-74 (base 11) to base 7
-144
What is 101001 (base 2) in base 7?
56
Convert 6b (base 13) to base 12.
75
-3 (base 10) to base 8
-3
13 (base 10) to base 14
d
Convert 0 (base 10) to base 2.
0
Convert 30 (base 11) to base 2.
100001
4 (base 16) to base 12
4
-46 (base 16) to base 4
-1012
Convert -124 (base 5) to base 16.
-27
What is -51 (base 6) in base 2?
-11111
Convert -10 (base 4) to base 5.
-4
Convert -14 (base 14) to base 11.
-17
What is 11 (base 4) in base 15?
5
Convert -3 (base 9) to base 2.
-11
Convert -1 (base 10) to base 13.
-1
Convert -3 (base 6) to base 8.
-3
Convert 2 (base 14) to base 8.
2
What is -10 (base 11) in base 16?
-b
Convert -e1 (base 15) to base 14.
-111
What is -34 (base 15) in base 5?
-144
Convert 335 (base 6) to base 5.
1011
-1 (base 9) to base 3
-1
What is 2 (base 6) in base 7?
2
9 (base 15) to base 6
13
-21 (base 15) to base 2
-11111
101 (base 3) to base 8
12
What is 6 (base 14) in base 7?
6
What is 1 (base 6) in base 4?
1
What is 33 (base 9) in base 10?
30
Convert -102 (base 3) to base 7.
-14
Convert -38 (base 9) to base 10.
-35
What is 36 (base 11) in base 7?
54
What is -14 (base 8) in base 9?
-13
-3a (base 11) to base 7
-61
What is 1 (base 10) in base 15?
1
Convert -12 (base 6) to base 4.
-20
Convert -3 (base 6) to base 8.
-3
3 (base 6) to base 5
3
Convert 14 (base 9) to base 11.
12
Convert -18 (base 14) to base 3.
-211
Convert 6 (base 16) to base 14.
6
Convert 26 (base 10) to base 9.
28
0 (base 3) to base 2
0
Convert b (base 13) to base 16.
b
What is 55 (base 12) in base 10?
65
What is -142 (base 6) in base 13?
-4a
What is 5 (base 6) in base 14?
5
What is 10001010 (base 2) in base 6?
350
-12 (base 9) to base 12
-b
What is 32 (base 8) in base 9?
28
What is 14 (base 12) in base 15?
11
What is -1 (base 13) in base 10?
-1
Convert 9 (base 16) to base 7.
12
Convert 11100100 (base 2) to base 12.
170
What is -1112 (base 3) in base 12?
-35
What is -3 (base 4) in base 15?
-3
Convert -3 (base 11) to base 2.
-11
Convert 2 (base 3) to base 4.
2
What is -3a (base 13) in base 8?
-61
What is -6 (base 16) in base 14?
-6
What is 5 (base 15) in base 12?
5
Convert 3 (base 6) to base 9.
3
Convert -10100 (base 2) to base 9.
-22
Convert 57 (base 14) to base 4.
1031
What is 1101100 (base 2) in base 12?
90
Convert 0 (base 3) to base 12.
0
Convert 2 (base 6) to base 12.
2
-2 (base 6) to base 8
-2
7 (base 9) to base 6
11
What is 12 (base 9) in base 6?
15
Convert 0 (base 16) to base 11.
0
What is -2 (base 10) in base 7?
-2
451 (base 7) to base 16
e8
What is -4 (base 13) in base 3?
-11
What is -10210 (base 3) in base 4?
-1212
0 (base 10) to base 7
0
Convert 22 (base 3) to base 5.
13
0 (base 9) to base 6
0
Convert -1110101 (base 2) to base 11.
-a7
What is -35 (base 12) in base 2?
-101001
0 (base 6) to base 8
0
Convert 47 (base 12) to base 15.
3a
Convert 9 (base 11) to base 15.
9
Convert -11 (base 2) to base 8.
-3
-36 (base 8) to base 10
-30
What is -1 (base 15) in base 3?
-1
What is 1 (base 13) in base 12?
1
-2103 (base 5) to base 16
-116
Convert 2 (base 12) to base 5.
2
What is -135 (base 7) in base 6?
-203
What is 11 (base 10) in base 3?
102
What is -41 (base 7) in base 11?
-27
Convert -3 (base 11) to base 9.
-3
Convert -25 (base 15) to base 8.
-43
What is 5 (base 11) in base 6?
5
What is 4 (base 13) in base 12?
4
What is 10 (base 7) in base 3?
21
What is -146 (base 9) in base 14?
-8b
Convert -5 (base 16) to base 3.
-12
What is -c (base 14) in base 2?
-1100
Convert -145 (base 6) to base 3.
-2102
Convert 3 (base 5) to base 14.
3
Convert -28 (base 10) to base 12.
-24
Convert -3 (base 4) to base 12.
-3
1 (base 5) to base 11
1
What is 13 (base 12) in base 15?
10
What is -13 (base 16) in base 4?
-103
Convert 3c (base 15) to base 12.
49
-50 (base 8) to base 12
-34
What i